).
2, 3, 5, 19
Let p(v) = 2*v**2 - 22*v + 31. Suppose 0 = -2*o - 4, -5*x + 3*o - 36 = -8*x. What are the prime factors of p(x)?
5, 23
Let c(q) = 141*q**2 - 146*q + 1485. What are the prime factors of c(10)?
5, 113
Suppose -89*y - 2300 = -94*y. Let j = 985 - y. What are the prime factors of j?
3, 5, 7
Let j = -363 - -343. List the prime factors of (-4503)/(-5) + (104/j)/(-13).
17, 53
Let d(i) = -i**3 - 10*i**2 - 11*i - 4. Let h be d(-9). Let s = 24 + h. Suppose -s - 37 = -p + j, 0 = 4*p - 2*j - 298. List the prime factors of p.
2, 37
Let r(m) = m**3 + 2*m + 448. What are the prime factors of r(0)?
2, 7
Suppose -d = t - 3788, -2*d - 3*t - t + 7586 = 0. List the prime factors of d.
3, 13, 97
Let b(i) = -5*i**3 - 142*i**2 + 299*i - 55. What are the prime factors of b(-31)?
3169
Let d(c) = 24*c**3 - 4*c**2 - c + 9. Let s = -286 + 289. List the prime factors of d(s).
2, 3, 103
Let q = 48 - 42. Suppose q*f - 19 = 5. Suppose f*z = 36 + 144. What are the prime factors of z?
3, 5
Suppose -12*y + 63*y - 2013520 = -29*y. What are the prime factors of y?
25169
Suppose 17*f + 5*v - 52 = 13*f, 0 = -3*v. Let x be (-159)/(2/(-2)) - -3. Suppose -f*p - x = -16*p. List the prime factors of p.
2, 3
Let v = 7681 - -14183. List the prime factors of v.
2, 3, 911
Suppose 4*m + 12 = 5*z, z - 2*z = -4. Suppose 138 = 4*u - m*u. Let o = u - 14. What are the prime factors of o?
5, 11
Let c = -15525 + 31442. What are the prime factors of c?
11, 1447
Suppose 35721 = 92*a - 85*a. Suppose 8*u = -u + a. What are the prime factors of u?
3, 7
Let g(y) = 2*y**2 - 14*y - 6. Let d be g(7). Let s be (-2)/d*-6*1/2. What are the prime factors of (s - 1)*(1455/10)/(-3)?
97
Let v(i) = -i + 6. Let b be v(3). Suppose 3*o = l - b*l - 3, -3*o = 5*l - 15. List the prime factors of ((-2)/(l/(-29)))/(3/45).
5, 29
Let j be (-55)/(-11) + 35*-6. Let u = 182 - j. List the prime factors of u.
3, 43
Suppose n - 10 = -2*l + l, -l - 50 = -4*n. What are the prime factors of (693/n)/((-24)/(-64))?
2, 7, 11
Suppose -165*c + 166*c - 669 = 0. List the prime factors of c.
3, 223
Let n = 8 + -22. Let j = n + 19. What are the prime factors of -4*(-10 + 0 + j/10)?
2, 19
Suppose -3*g + 5*v = -1180, 4*g - 3*v = -0*g + 1566. Let a = g - -325. What are the prime factors of a?
5, 11, 13
Let c(o) = 8*o**3 - 137*o**2 + 115*o + 68. List the prime factors of c(28).
2, 3, 331
Let u be 3 + -1 + 4 + -4. Suppose u*h + 68 + 22 = 0. What are the prime factors of (h - 1)*22/(-11)?
2, 23
Suppose -11*b = 38 + 6. Let m(o) be the first derivative of -o**3/3 - o**2/2 + 19*o + 26. What are the prime factors of m(b)?
7
Let f = 289 - 293. Let b(s) = -8*s**3 + 3*s**2 + 10*s + 6. What are the prime factors of b(f)?
2, 263
Let y(g) = -3*g**3 - 18*g**2 - 15*g + 39. Let i(u) = u**3 - u**2 + 2*u + 1. Let n(c) = -2*i(c) - y(c). What are the prime factors of n(-17)?
3, 71
Suppose -3*f - 2*u = -42, -4*f - 4*u + 9*u = -56. List the prime factors of (-21)/f*64/(-12).
2
Suppose -5*s + 368 + 642 = 0. Suppose -9*v + 51 = -1209. Let x = s - v. What are the prime factors of x?
2, 31
Let m(f) = -2*f**2 + 24*f - 5. Let x be m(12). List the prime factors of (x - -7)*(-339)/(-6).
113
Suppose 0 = 4*j - o - 2248, 0 = -2*j + 4*o - 2*o + 1130. Suppose 5*a - j = 359. What are the prime factors of a?
2, 23
List the prime factors of 522 + (-17 - -14 - 9).
2, 3, 5, 17
Let k = -6706 - -32468. List the prime factors of k.
2, 11, 1171
Let b = 89 + -9. Suppose -b = -12*k + 2*k. List the prime factors of k.
2
Let d = 28442 - 19625. List the prime factors of d.
3, 2939
Let k = 18250 - 7285. What are the prime factors of k?
3, 5, 17, 43
Suppose -3*y = 3*h, -4*h - y - 10 = -5*h. What are the prime factors of -4 + (-6 - (h - 829))?
2, 11, 37
Let p(g) = 3775 + 3*g - 3764 + 2*g. Let l(d) = -d + 16. Let i be l(9). What are the prime factors of p(i)?
2, 23
Let o(x) = 14*x**2 - 30*x + 3. Let s be o(-7). Suppose s + 69 = y. List the prime factors of y.
2, 11
Suppose -12 = 4*i, w - 6*w + 3*i + 6729 = 0. Suppose 520 - w = -2*q. List the prime factors of q.
2, 103
Let s(x) = 2*x**3 + 8*x**2 + 29*x + 3. Let i be s(-9). What are the prime factors of i/(-10)*((-78)/(-18) + -1)?
2, 89
Let v = 236 - 283. Let i = 232 - v. What are the prime factors of i?
3, 31
Suppose 0 = 4*h - 4, -4*r = 3*h - 2*h - 21. Suppose 2*x + r*o - 2163 = 0, -4*o = 4*x + 2410 - 6766. List the prime factors of x.
2, 547
Let z(h) be the second derivative of -191*h**3/6 - 215*h**2/2 - 61*h. List the prime factors of z(-6).
7, 19
Let j(a) = 10*a**2 + 3*a - 1. Suppose o + 4 = 0, -3*o + 2*o + 5 = -l. Let d(i) = -i**2 - 6*i + 23. Let w be d(l). What are the prime factors of j(w)?
3, 7
Suppose 1913470 - 636073 = 67*c + 32*c. What are the prime factors of c?
3, 11, 17, 23
Suppose -204604 + 1187014 = 39*f. What are the prime factors of f?
2, 5, 11, 229
Let d = 8220 + -5266. List the prime factors of d.
2, 7, 211
Let f = -52 - -58. What are the prime factors of -7 - f/(-3)*340?
673
Suppose -3*g = 4*l - 90667, -6*g + 8*g = l - 22653. What are the prime factors of l?
131, 173
Suppose -3*n + 3*r = -25 - 173, -5*n - 5*r = -350. Suppose 4*p + 3*y = 4*y + 17, 0 = 5*p + 2*y - 18. What are the prime factors of n/((p/(-6))/(8/(-6)))?
2, 17
Let r = 434 - 669. Let j = r - -490. Let h = -179 + j. List the prime factors of h.
2, 19
Suppose 2*f + 45 + 71 = 0. Let t = -25 - f. What are the prime factors of t?
3, 11
Let c(f) = -f**3 + 8*f**2 - 20*f + 53. Let h be c(6). Suppose 5*w = -2*t + 6*t + 2579, h*w + 4*t = 2611. What are the prime factors of w?
3, 173
Let j = -692 - -2544. Suppose -18*i = -5186 - j. List the prime factors of i.
17, 23
Let z(y) = 677*y**2 - 222*y - 58. List the prime factors of z(8).
2, 20747
Let v(b) be the first derivative of 6*b - 1/2*b**2 + 2/3*b**3 - 15. List the prime factors of v(-8).
2, 71
Suppose 7 = 3*d + 22, -5*k + d = -5. Suppose -n - 13 + 21 = k. Let i(o) = 12*o - 10. What are the prime factors of i(n)?
2, 43
Suppose w - t = 4*w - 5, -5*w = 2*t - 8. Suppose 0 = 3*j + w*z + 1, -5*j + 3 = z. Let x(g) = 57*g - 3. What are the prime factors of x(j)?
2, 3
Let n be 1 + -5 - (-3)/6*8. Suppose 3*j + 5*c - 997 = n, -8*c + 991 = 3*j - 6*c. List the prime factors of j.
7, 47
Suppose 0 = -4*j - 3*b + 45, -132*b + 129*b = 3. Let n = -6 - 2. What are the prime factors of (2*-3)/(n/(2752/j))?
2, 43
Suppose 3*w - 11*q - 69 = -8*q, 4*w - 2*q = 96. Suppose 4920 = 35*k + w*k. List the prime factors of k.
2, 41
Suppose n + 165 - 530 = v, -2*n + 1090 = -3*v. List the prime factors of 51/2*v/(-27).
2, 5, 17
Let c(n) be the third derivative of n**5/60 - n**4/4 + 5*n**3/6 + 4*n**2. Let m be c(3). What are the prime factors of (6/m)/(3/(-100))?
2, 5
Suppose -5*d = 4*r - 45081, 44*d = 4*r + 46*d - 45066. List the prime factors of r.
2, 11
Let l be (-6)/8 - (-3299063)/244. Suppose 70*k = 44*k + l. List the prime factors of k.
2, 5, 13
Suppose -9 - 31 = -10*f. Suppose -5*q + 1400 = 5*t, f*q - 4*t - 1067 = 21. What are the prime factors of q?
2, 3, 23
Let v(b) = -95*b**3 - 3*b - 66. List the prime factors of v(-5).
2, 739
Let d(n) = 31*n**2 + n - 4. Let a(y) = -8*y**2 + 1. Let v(s) = 9*a(s) + 2*d(s). Let j be v(2). Let u = j + 180. What are the prime factors of u?
5, 29
Suppose 0 = 12*l - 4 - 164. Let b = -7 + l. Suppose -b*c + 452 = -563. What are the prime factors of c?
5, 29
Suppose -3*w + 3 = 0, -5*z + w = -306524 + 96395. What are the prime factors of z?
2, 21013
Let o be 8/6 + (-85)/(-15). Let n = -2 + o. Suppose -4*l = -b + 50, -n*b - 4*l + 300 = -b. What are the prime factors of b?
2, 5, 7
Suppose 0 = 120*z - 52*z - 227120. List the prime factors of z.
2, 5, 167
Let h(q) = -278*q + 4038. List the prime factors of h(-42).
2, 3, 97
Suppose -4*b - 10 = -z, 2*z = -5*b - 7 + 1. Suppose -16 + 48 = z*r. What are the prime factors of (-80)/4*(-52)/r?
5, 13
Let c = 6032 - 3094. What are the prime factors of c?
2, 13, 113
Let b(f) = 3*f + 38. Let a be b(-11). Suppose -a*d + d = -16. Suppose -m + 63 = -4*j - 0*j, 5*m + d*j = 315. What are the prime factors of m?
3, 7
Let b = 4693 - 2579. Suppose -38*q + 52*q - b = 0. What are the prime factors of q?
151
What are the prime factors of ((-110)/66)/((-2)/12) + 6438?
2, 13, 31
Let o(b) = -210*b + 83 + 63*b + 70*b + 60*b. What are the prime factors of o(-19)?
2, 7, 29
List the prime f